- 3*f. Let p be d(f). Let u = p + 10. What are the prime factors of u?
19
Let l be (-7)/(-14)*(48/2)/2. Let q = 1 - 1. List the prime factors of (q + -3)/(l/(-46)).
23
Let j(w) = 298*w + 152. What are the prime factors of j(5)?
2, 821
Let v(m) = m**3 + 23*m**2 - 8*m - 8. List the prime factors of v(-23).
2, 11
Let h(g) = -g**2 - 9*g + 6. Let q be h(-10). List the prime factors of 92 + (q - (3 + -4)).
89
Suppose 4 + 0 = 2*s. Let y(o) = 1 + 9*o + o + 0*o. What are the prime factors of y(s)?
3, 7
Let h be 6/(6*(-1)/(-4)). Suppose -t + 5 = 5*z - 4, -h*t - 10 = -3*z. Suppose -m - 3 = -5*d, 0*m = -z*m + 5*d + 4. What are the prime factors of m?
7
Let h = -12 - 12. List the prime factors of 12/h + 230/4.
3, 19
Let z be (1 + -4 + 2)/(3/(-3)). List the prime factors of z/(-3) - 2135/(-15).
2, 71
Suppose 0 = n - i - i - 348, -4*n - 3*i + 1436 = 0. List the prime factors of n.
2, 89
Let k = 339 - 184. What are the prime factors of k?
5, 31
Suppose 5*y + 6 = -4, 0 = -2*r - 2*y + 2. Suppose 3*c + 0 = 5*n + 171, -r*c - 4*n = -144. What are the prime factors of c?
2, 13
Let j = -4319 - -6731. What are the prime factors of j?
2, 3, 67
Suppose 6*r + 666 = -31*r. Suppose -3*m + 243 = 3*i + 57, -4*i + 284 = -5*m. Let w = r + i. List the prime factors of w.
2, 3
Let f = 388 - 227. Suppose 3*a + 2*z - f = 0, 5*z = -a + 2*a - 48. What are the prime factors of a?
53
Suppose -t + a = -0*t + 3, 2*t + 6 = -4*a. What are the prime factors of t/(-2) - (6 - 1001/14)?
67
Let z(j) = -9*j + 8. Let l be z(-3). What are the prime factors of l - 6 - 4/2?
3
Suppose 625 = -6*c - 1019. Let a = c + 472. What are the prime factors of a?
2, 3, 11
Let i(t) = t - 5. Let p be i(7). List the prime factors of 3/p*(28 + -4).
2, 3
Suppose 6*v = 2*v. Suppose 2*t + t + 30 = v. What are the prime factors of (-6)/(-30) - 208/t?
3, 7
Suppose 0*p - 1 = -4*p + b, -3*b - 3 = 0. Suppose -14*t + 2*t + 2052 = p. List the prime factors of t.
3, 19
Suppose -327 - 285 = 3*a. Let d = 309 + a. Suppose 3*v = -2*v + d. List the prime factors of v.
3, 7
What are the prime factors of (-2652)/(-234)*228*2?
2, 17, 19
Suppose -5*n + 4 = -u - 3*n, 0 = -3*u - 2*n + 20. Suppose 0 = u*s - 5*q - 1107, s + 4*q - 3*q - 279 = 0. List the prime factors of s.
2, 139
Let t = 27 - -134. Let q = -92 + t. List the prime factors of q.
3, 23
Let z be 93/12 - (-1)/4. Let a = -5 + z. Suppose -33 = -2*n - 5*i, 2*n + a*i = -i + 32. List the prime factors of n.
2, 7
Let o(u) = 56*u**2 - 4*u - 7. Let q be o(-3). Suppose 5*h + 4*d - q = -122, 3*h = 4*d + 213. List the prime factors of h.
3, 5
Let y be (-2656)/(-26) + 0 - (-4)/(-26). Let g = 144 - y. What are the prime factors of g?
2, 3, 7
Let s be 3*4/(-12) + 1 + -7. Let v(c) = -c**3 - c**2 + 19*c + 16. What are the prime factors of v(s)?
3, 59
Let b = 111 + -18. Suppose d = -15 + b. List the prime factors of d.
2, 3, 13
Let f be ((-72)/20)/((-9)/(-870)). Let g = 231 + f. List the prime factors of g/(-4) + (-21)/(-28).
2, 3, 5
Suppose 5*x - 4*p = -30, -x + p - 6 = -0*x. What are the prime factors of -6 + (96 - x) + (2 - -1)?
3, 11
Suppose -3*c - 4*x + 12 = 0, -x - 6 = c - 3*x. Suppose 3*u - 2*j + c*j = -5, -4*j = 5*u - 21. What are the prime factors of 20 - (-4 - -4 - u)?
3, 7
Let d(l) be the third derivative of -11/24*l**4 + 0 + 5*l**2 - 1/120*l**6 - 7/6*l**3 + 13/60*l**5 + 0*l. List the prime factors of d(12).
5
Let a(y) = y**3 + 3*y**2 - 2*y. Let i be a(6). Suppose 0 = -8*r - i + 1008. List the prime factors of r.
3, 29
Let l(x) = -2*x + 1. Let a be l(-2). Let n(k) = -2*k**2 + 5*k + 6. Let m be n(a). Let r = m + 35. What are the prime factors of r?
2
What are the prime factors of 7*(-12)/42 + 3667?
5, 733
Let l be 4 + (3 - 6) - -2. Suppose 0 = l*f + 4*h + 2 - 6, -3*f + 8 = 2*h. Suppose 0 = s + f*b - 28, 0*s - 3*b - 99 = -3*s. List the prime factors of s.
2
Let u(i) = 15*i + 11. Let b(o) = 16*o + 12. Let q(z) = 5*b(z) - 6*u(z). List the prime factors of q(-7).
2
Let j(x) be the second derivative of -x**5/20 - 2*x**4/3 + 2*x**3 + 9*x**2 + 19*x. List the prime factors of j(-10).
2, 7
Suppose -6*m = 2*m - 168. What are the prime factors of m?
3, 7
Let p(g) be the first derivative of -g + 5/3*g**3 + 6 + 1/4*g**4 + g**2. What are the prime factors of p(-4)?
7
Let c be (1 + (-7)/2)*(-3 + -67). Let q = c + -87. What are the prime factors of q?
2, 11
Let s be (4*1/(-2))/((-2)/623). Suppose -11*v = -4*v - s. List the prime factors of v.
89
Let u(w) = -8*w**3 + 2*w**2 + 5. Let i be u(3). Let b = i - -337. What are the prime factors of b?
2, 3
Let t be 6/4*(-82)/(-3). Suppose -t = -p - s, p - 4*s - 8 = 23. What are the prime factors of p?
3, 13
Let q(g) = 3*g**3 + 39*g**2 + 15*g - 10. What are the prime factors of q(7)?
5, 607
Let v = 8283 + -3951. What are the prime factors of v?
2, 3, 19
Suppose 0*i + 21 = -q - 2*i, -5*i = 3*q + 58. Let a = q - -161. What are the prime factors of a?
2, 3, 5
Suppose -3*r = 4*x - 146, 7*x - 3*x - 254 = -5*r. Let u = -29 + r. Let s = u - 9. List the prime factors of s.
2
Let f be (-2)/(-5) - 12/5. Let t be (-1 + f)*1 + -3. What are the prime factors of (-39)/2*4/t?
13
Suppose 4*h + 12*r = 9*r + 1682, -2*h - r = -840. List the prime factors of h.
419
Let l be 8/(-6) - 169/(-39). Let p(t) = 3*t**3 - 7*t**2 + 4*t + 8. Let m(c) = c**3 - c**2 + 1. Let b(h) = 4*m(h) - p(h). List the prime factors of b(l).
2, 19
Suppose -27*i + 31*i - 7256 = 0. What are the prime factors of i?
2, 907
Let j = -3 - -6. Let k be j/(6/4) + 0. Suppose -18 - 20 = -k*p. List the prime factors of p.
19
Let h(n) = n**2 - 11*n + 28. Let y be h(7). Suppose y*w = 8*w - 2800. List the prime factors of w.
2, 5, 7
Suppose 0 = -3*p + q + 5, 3*p = 6*p + 5*q + 25. Suppose p*h = -4*h + 72. Suppose -j + 3 = -h. What are the prime factors of j?
3, 7
List the prime factors of 775*((-5)/(-20))/((-10)/(-32)).
2, 5, 31
Suppose -17*m + 14836 + 17073 = 0. Suppose 5*z + 507 = m. What are the prime factors of z?
2, 137
Let o = 2 - 2. Suppose 3*f - 49 + 1 = o. Suppose -k + f = k. What are the prime factors of k?
2
Let k(b) = -47*b - 104. What are the prime factors of k(-16)?
2, 3
Let g(t) = -t**2 + 9*t + 10. Let o be g(11). List the prime factors of 2/(-6) + (-1732)/o.
2, 3
Suppose 5*w + 4*y + 11 = 0, 9*w - 3*y + 18 = 4*w. What are the prime factors of 166/(-6)*w - -1?
2, 3, 7
Let u be (-3)/(-9) - (-476)/12. Let k = u + 13. List the prime factors of k.
53
Suppose -77*i + 79817 = -139941. List the prime factors of i.
2, 1427
Let l = -62 + 67. What are the prime factors of -1 + (1 - l) + 178?
173
Suppose 0 - 4 = -2*u, 5*m - 4*u - 3707 = 0. What are the prime factors of m?
743
Let n = 49 + -47. Suppose -b + n*a + 137 = 5*a, -5*a - 467 = -3*b. What are the prime factors of b?
149
Let m(f) = 4*f**2 + f + 2. Let d be m(-1). Suppose 0 = r - 54 + d. What are the prime factors of r?
7
Let r(q) = 10*q**2 - 44*q + 16. Let z(n) = 2*n**2 - 9*n + 3. Let j = -28 + 39. Let v(x) = j*z(x) - 2*r(x). List the prime factors of v(9).
2
List the prime factors of ((-2)/(-1) + -4)/((-4)/50).
5
Let p = 721 + -290. List the prime factors of p.
431
Let q(m) = -117*m - 576. What are the prime factors of q(-11)?
3, 79
Suppose -2951 - 442 = -29*r. List the prime factors of r.
3, 13
Let g(o) be the first derivative of -o**2/2 + 8. Let r be g(0). Suppose -4*m + r*m + 2*n = -170, -n = -3*m + 127. List the prime factors of m.
2, 3, 7
Let d = 18 - 12. Suppose 2 + d = 2*n. Suppose n*r = r + 21. What are the prime factors of r?
7
List the prime factors of (-94416)/(-192) + 2/8.
2, 3, 41
Let s(q) = 2*q**3 + 12*q - 16. What are the prime factors of s(4)?
2, 5
Let y = -627 - -2010. List the prime factors of y.
3, 461
Let q(v) = 2*v - 32. Let c be q(-14). Let z = -6 - c. List the prime factors of z.
2, 3
Let z(h) = h**3 - 8*h**2 + h - 8. Let l be z(8). Suppose l = -3*u + 2*u - 2, 3*f - 133 = -4*u. What are the prime factors of f?
47
Let y = 50 - 44. Suppose -y*u - 59 + 713 = 0. What are the prime factors of u?
109
Let x = 29 - 89. List the prime factors of 166/(20/x*(-6)/4).
2, 83
Suppose c + 33 = 12. Suppose -4*p = -7*p + 87. Let l = p + c. List the prime factors of l.
2
Let u be (-236)/(-12) - 6/9. Let w = u - 15. Suppose 4*t + 3*c = 67, -50 = -7*t + w*t - 2*c. List the prime factors of t.
2
Suppose -12*d + 5*o + 1637 = -9*d, 5*d + o - 2775 = 0. Wh